{"id":231,"date":"2018-12-26T08:51:47","date_gmt":"2018-12-26T08:51:47","guid":{"rendered":"http:\/\/xedl.khomaudeprt.com\/?page_id=231"},"modified":"2018-12-26T08:51:47","modified_gmt":"2018-12-26T08:51:47","slug":"ly-do-chon-chung-toi","status":"publish","type":"page","link":"https:\/\/chothuexehp.sangdigital.top\/?page_id=231","title":{"rendered":"L\u00fd do ch\u1ecdn ch\u00fang t\u00f4i"},"content":{"rendered":"<h2>L\u00fd do ch\u1ecdn ch\u00fang t\u00f4i<\/h2>\n","protected":false},"excerpt":{"rendered":"<p>L\u00fd do ch\u1ecdn ch\u00fang t\u00f4i<\/p>\n","protected":false},"author":1,"featured_media":0,"parent":0,"menu_order":0,"comment_status":"closed","ping_status":"closed","template":"","meta":{"footnotes":""},"class_list":["post-231","page","type-page","status-publish","hentry"],"acf":[],"_links":{"self":[{"href":"https:\/\/chothuexehp.sangdigital.top\/index.php?rest_route=\/wp\/v2\/pages\/231","targetHints":{"allow":["GET"]}}],"collection":[{"href":"https:\/\/chothuexehp.sangdigital.top\/index.php?rest_route=\/wp\/v2\/pages"}],"about":[{"href":"https:\/\/chothuexehp.sangdigital.top\/index.php?rest_route=\/wp\/v2\/types\/page"}],"author":[{"embeddable":true,"href":"https:\/\/chothuexehp.sangdigital.top\/index.php?rest_route=\/wp\/v2\/users\/1"}],"replies":[{"embeddable":true,"href":"https:\/\/chothuexehp.sangdigital.top\/index.php?rest_route=%2Fwp%2Fv2%2Fcomments&post=231"}],"version-history":[{"count":0,"href":"https:\/\/chothuexehp.sangdigital.top\/index.php?rest_route=\/wp\/v2\/pages\/231\/revisions"}],"wp:attachment":[{"href":"https:\/\/chothuexehp.sangdigital.top\/index.php?rest_route=%2Fwp%2Fv2%2Fmedia&parent=231"}],"curies":[{"name":"wp","href":"https:\/\/api.w.org\/{rel}","templated":true}]}}